rime?
False
Is 32887 a prime number?
True
Is 28261 a prime number?
False
Is 25819 composite?
False
Is 121309 a prime number?
True
Is 245649 prime?
False
Is 886 prime?
False
Is 7421 a prime number?
False
Is 46105 a composite number?
True
Is 2521 a prime number?
True
Is 20861 a composite number?
True
Is 127123 prime?
True
Is 811067 a prime number?
True
Is 189127 a prime number?
True
Is 214495 a prime number?
False
Is 22367 a prime number?
True
Is 234431 a prime number?
True
Is 151237 composite?
False
Is 9293 prime?
True
Is 1321753 prime?
True
Is 610357 a prime number?
False
Is 164281 a composite number?
True
Is 36599 composite?
False
Is 500281 a composite number?
True
Is 28397 prime?
False
Is 419 composite?
False
Is 39189 a prime number?
False
Is 717631 prime?
True
Is 403521 composite?
True
Is 11633 a prime number?
True
Is 3639383 prime?
False
Is 110509 prime?
False
Is 28979 composite?
False
Is 15063 composite?
True
Is 57571 a prime number?
True
Is 403387 a composite number?
False
Is 50441 composite?
False
Is 40517 composite?
True
Is 21085 a composite number?
True
Is 24835 prime?
False
Is 25706 prime?
False
Is 11471 a composite number?
False
Is 24257 composite?
True
Is 437321 a composite number?
False
Is 209337 a prime number?
False
Is 335515 composite?
True
Is 696089 prime?
False
Is 531521 prime?
True
Is 20257 prime?
False
Is 4073 a prime number?
True
Is 78803 prime?
True
Is 721909 prime?
True
Is 265 prime?
False
Is 106349 prime?
True
Is 23713 a composite number?
True
Is 25183 prime?
True
Is 8923 prime?
True
Is 785 a composite number?
True
Is 8713 a composite number?
False
Is 7283 a prime number?
True
Is 2843 prime?
True
Is 182851 a prime number?
True
Is 4414591 a composite number?
False
Is 435973 a composite number?
False
Is 11227 a composite number?
True
Is 10687 a composite number?
False
Is 7369 a composite number?
False
Is 7985 a composite number?
True
Is 6907 a prime number?
True
Is 16603 prime?
True
Is 331489 a composite number?
False
Is 13901 a composite number?
False
Is 9277 a composite number?
False
Is 379 a composite number?
False
Is 10499 a prime number?
True
Is 67591 composite?
True
Is 991 a composite number?
False
Is 17165 a prime number?
False
Is 16127 prime?
True
Is 221707 a prime number?
True
Is 115117 prime?
True
Is 765299 composite?
True
Is 4535 composite?
True
Is 36433 composite?
False
Is 191783 prime?
True
Is 26603 a composite number?
True
Is 64443 a prime number?
False
Is 2237 prime?
True
Is 223063 prime?
True
Is 13537 composite?
False
Is 1637 composite?
False
Is 15877 a prime number?
True
Is 80263 a composite number?
False
Is 97473 prime?
False
Is 5603 a composite number?
True
Is 676337 a prime number?
True
Is 73237 a prime number?
True
Is 71311 a prime number?
False
Is 6167 a composite number?
True
Is 11579 a prime number?
True
Is 6491 a composite number?
False
Is 20431 a prime number?
True
Is 31505 a prime number?
False
Is 48371 a composite number?
False
Is 130583 composite?
True
Is 28523 prime?
False
Is 684713 prime?
True
Is 22054 prime?
False
Is 901867 composite?
True
Is 453347 a prime number?
True
Is 6079 a prime number?
True
Is 165133 prime?
True
Is 690757 a composite number?
False
Is 300221 a composite number?
False
Is 47973 prime?
False
Is 18739 a prime number?
False
Is 122243 composite?
True
Is 168851 prime?
True
Is 579 prime?
False
Is 74411 composite?
False
Is 97687 prime?
True
Is 59559 a composite number?
True
Is 142453 a composite number?
False
Is 35 prime?
False
Is 421559 prime?
True
Is 4237 a composite number?
True
Is 669979 prime?
False
Is 64297 prime?
False
Is 365747 a prime number?
True
Is 77537 prime?
False
Is 1606427 a composite number?
False
Is 53353 a prime number?
True
Is 537547 a prime number?
True
Is 207619 a prime number?
True
Is 9293 prime?
True
Is 1032755 composite?
True
Is 6339991 composite?
True
Is 8903 a prime number?
False
Is 14159 a prime number?
True
Is 257561 a prime number?
True
Is 81509 composite?
False
Is 35417 a composite number?
True
Is 1059 composite?
True
Is 3491 a composite number?
False
Is 191371 a prime number?
False
Is 5953 a composite number?
False
Is 175109 composite?
True
Is 87853 a composite number?
False
Is 1029829 prime?
False
Is 413129 prime?
True
Is 12071 prime?
True
Is 58127 a prime number?
False
Is 1679903 a prime number?
True
Is 735817 prime?
False
Is 472499 a composite number?
True
Is 637489 prime?
True
Is 7045 a prime number?
False
Is 6733 a composite number?
False
Is 633 a prime number?
False
Is 563827 prime?
False
Is 585163 composite?
False
Is 53545 prime?
False
Is 14799 a prime number?
False
Is 6733 prime?
True
Is 879 prime?
False
Is 235139 composite?
True
Is 107093 a composite number?
True
Is 1311853 composite?
False
Is 32597 a composite number?
True
Is 6619 prime?
True
Is 7377 prime?
False
Is 4049 a composite number?
False
Is 325579 composite?
True
Is 1219 a composite number?
True
Is 325037 a prime number?
False
Is 341771 a prime number?
True
Is 14017 composite?
True
Is 259733 a composite number?
False
Is 123449 a prime number?
True
Is 33401 prime?
False
Is 418315 a composite number?
True
Is 137369 prime?
True
Is 4421 a composite number?
False
Is 16853 a composite number?
True
Is 63977 a prime number?
True
Is 1895 prime?
False
Is 7255 composite?
True
Is 18937 a composite number?
True
Is 239977 prime?
True
Is 6329 prime?
True
Is 585131 a prime number?
True
Is 914767 a prime number?
False
Is 6995 a composite number?
True
Is 100981 composite?
False
Is 151079 composite?
True
Is 127817 a composite number?
False
Is 6866 composite?
True
Is 8999 a composite number?
False
Is 1947695 composite?
True
Is 6007 composite?
False
Is 1366187 a composite number?
False
Is 131233 a prime number?
False
Is 24467 composite?
True
Is 3024083 prime?
True
Is 112745 prime?
False
Is 1110343 a prime number?
False
Is 120439 composite?
True
Is 63191 composite?
True
Is 2217757 a prime number?
True
Is 3079 a prime number?
True
Is 6866 composite?
True
Is 31927 a composite number?
True
Is 38837 a prime number?
False
Is 2941 a prime number?
False
Is 3755 a composite number?
True
Is 43597 a composite number?
False
Is 30333 prime?
False
Is 811 a composite number?
False
Is 927149 a composite number?
False
Is 4189 composite?
True
Is 4757 composite?
True
Is 411991 prime?
True
Is 2453 composite?
True
Is 3511 a composite number?
False
Is 1009537 a composite number?
False
Is 4541 composite?
True
Is 3163 composite?
False
Is 1390241 a composite number?
False
Is 102461 a composite number?
False
Is 149263 prime?
False
Is 14621 a composite number?
False
Is 630433 a prime number?
True
Is 5051 prime?
True
Is 11733 a composite number?
True
Is 112093 prime?
False
Is 1030919 prime?
True
Is 32687 a composite number?
False
Is 200947 a composite number?
True
Is 1357507 a composite number?
False
Is 427541 a composite number?
False
Is 290453 a composite number?
True
Is 1499471 a prime number?
True
Is 32347 a prime number?
False
Is 106345 a prime number?
False
Is 73433 composite?
False
Is 898717 prime?
True
Is 232187 a prime number?
True
Is 69841 a composite number?
True
Is 412649 a composite number?
True
Is 378401 a prime number?
True
Is 23357 prime?
True
Is 52571 a prime number?
True
Is 2881 composite?
True
Is 86161 prime?
True
Is 14293 composite?
False
Is 145 prime?
False
Is 493 composite?
True
Is 6287 prime?
True
Is 362027 prime?
True
Is 31587 a composite number?
True
Is 570253 prime?
True
Is 1279229 composite?
True
Is 17729 composite?
False
Is 10361 a prime number?
False
Is 16319 prime?
True
Is 329969 a prime number?
True
Is 1844351 a prime number?
False
Is 25001 a composite number?
True
Is 2749 a composite number?
False
Is 52483 a composite number?
True
Is 56363 composite?
True
Is 333679 a composite number?
False
Is 22583 a composite number?
True
Is 4861 a prime number?
True
Is 438091 composite?
False
Is 53 composite?
False
Is 363299 a composite number?
True
Is 4285 prime?
False
Is 59743 composite?
False
Is 433429 composite?
False
Is 1371769 prime?
False
Is 743909 composite?
True
Is 1392927 a composite number?
True
Is 5127 composite?
True
Is 91241 a prime number?
False
Is 15817 a composite number?
False
Is 99511 prime?
False
Is 53399 composite?
True
Is 1513813 prime?
False
Is 51469 prime?
False
Is 12271 a prim